 - 298 = 42. What is the tens digit of (12/d)/(1/(-265))?
5
Suppose -3*p + 54 = -4*f, -4*f - 4*p + 22 = -6*f. Let v(r) = -r**3 + 6*r**2 + 6*r + 2. Let g be v(7). What is the units digit of 1/((f/213)/g)?
1
Let m = -31763 - -46527. What is the units digit of m?
4
Let k(q) = q - 16. Let y be k(10). Let x be ((-42)/15)/(y/15). Suppose 5*u - x*u - t = -132, 4*t = 2*u - 152. What is the tens digit of u?
6
Let d(g) = -11*g + 2. Let r be -3 - (4 + -4) - -2. Let l be d(r). Suppose l = 2*k - 75. What is the units digit of k?
4
Let d = -42 - -51. Suppose -3*c = y - 1821, -5*c + d*y - 4*y + 3035 = 0. Let b = c + -404. What is the units digit of b?
3
Let k(l) = 25*l**2 - 61*l + 253. What is the thousands digit of k(-17)?
8
Let v = 266 + -255. Suppose 11*l + v*l = 9262. What is the hundreds digit of l?
4
Let l(r) be the second derivative of 5*r**3/2 - 15*r**2 + 17*r. Let v be l(13). Let k = v - 72. What is the tens digit of k?
9
Let z(m) = -m - 76. Let w be z(0). Let y be 2 + 2 + 7/7. What is the tens digit of (y - 6)/(1/w)?
7
Let r(c) = -2*c - 24. Let k be r(-12). Suppose -4*v + q + 7137 = k, 0*v = -4*v + 2*q + 7134. What is the hundreds digit of (8/(-10))/((-5362)/v + 3)?
2
Let v(h) = 2*h**3 + 4*h**2 + 10*h + 1. Suppose 3*m + 3*y = -21, -m + 3*y = -5*m - 26. Let t be v(m). What is the tens digit of (-7)/(-28) - t/4?
5
Let o(s) = 100*s - 6. Let w(u) = 111*u - 9. Let x(z) = -4*o(z) + 3*w(z). Let b be (1 + -2)/((-1)/(-3)). What is the tens digit of x(b)?
9
Let o(r) = 4*r**3 - 5*r**2 + r + 4. Let t be o(3). Suppose 2*x - 6*x + t = -5*i, 0 = -4*i - x - 77. Let z = 44 + i. What is the tens digit of z?
2
Suppose -312*k = -321*k + 93285. What is the tens digit of k?
6
Suppose -c + 3*i = 62, 0*c + 4*i = -c - 97. Let b = c + 91. What is the tens digit of 226*b/4*(-3)/(-21)?
1
Suppose 0 = -4*v + m + 30 + 11, v - 2*m = 19. Suppose g - 46 = -v*f + 14*f, 0 = 2*g - 5*f - 92. What is the units digit of g?
6
Suppose -120*s + 3*p = -122*s + 29150, 2*p = 5*s - 72913. What is the thousands digit of s?
4
Let k(h) = 2*h**2 + 10*h + 4. Let n be k(-5). Let v(l) = -l. Let i be v(-5). Suppose n*c - 242 = j + 566, 3*c = i*j + 589. What is the hundreds digit of c?
2
Let f = -13139 - -19705. What is the tens digit of f?
6
What is the units digit of 3/6 + (-108459)/(-18)?
6
Let r be (4 - 5)/(1/(-1)). Let x be r*(0 - -1) + 1. Suppose 3*z + 2*i - 429 = 0, -6*z - x*i = -z - 711. What is the units digit of z?
1
Let y = 1095 - 896. What is the hundreds digit of y?
1
Let r = 136 + -142. Let p be 3 - -15*(-3 + 5). What is the units digit of (5 + p/r)*(-1 + -29)?
5
Suppose 93*m = 99*m - 3384. Suppose -s + 3*v + m = 0, 3*s + 1136 = 5*s - 4*v. What is the tens digit of s?
7
Let o = -50 + 73. Let j = o + -19. Suppose 2*b + 38 = 7*b - 4*n, -j*b + 4*n = -32. What is the units digit of b?
6
Suppose 2*m + 4 = 10, 3*l + m - 30 = 0. Suppose -1226 = -l*t - 353. What is the tens digit of t?
9
Let t(q) = 250*q**2 + 42*q + 21. What is the thousands digit of t(-11)?
9
Suppose 13*t = 18*t - 23205. What is the hundreds digit of t?
6
Let p(x) be the third derivative of x**6/120 + 4*x**5/15 - 7*x**4/6 - 5*x**3 - 135*x**2. What is the hundreds digit of p(-14)?
7
What is the units digit of 6*(1/4)/(108/153144)?
7
Let r = 18 - 13. Let a = -1043 + 1047. Suppose -4*m + 318 = r*v, v = -m - a*v + 72. What is the units digit of m?
2
Let f be ((-236)/6)/(284/426). Suppose 5*t = 15, t + 9 = -3*c - 4*t. Let i = c - f. What is the units digit of i?
1
Let l be (-12)/(-2 + (-3 - -3)/(-1)). Suppose -5*k + 26 = 4*d, -5*d + 16 = 2*k - 8. Suppose 6 = -g + 3*j, -3*g + l*g - 37 = -k*j. What is the units digit of g?
9
Let s = -4216 + 8491. What is the thousands digit of s?
4
Suppose 0 = -4*u + 4, 2*j - 5*u - 11096 - 15181 = 0. What is the tens digit of j?
4
Suppose -17*a = -19*a + 378. Let v be (-2 - 4 - 2)*2/(-8). Suppose y = -v*l + a, -3*y - 192 = -3*l + 114. What is the units digit of l?
7
What is the tens digit of (123/4)/(48/16256)?
1
Let a(n) = 25*n + 2648. What is the tens digit of a(-69)?
2
Let n = -991 - 132. Let s = n + 1647. What is the units digit of s?
4
Let q = 261 + -254. Suppose 2*m + 1872 = 4*r + q*m, -5*m = -5*r + 2340. What is the hundreds digit of r?
4
Suppose 60*d = 231*d - 1216152. What is the hundreds digit of d?
1
What is the thousands digit of 8/132 + 0 - 7819344/(-1188)?
6
Suppose -2*z = -2*o - 4, 12*z - o = 14*z + 5. What is the thousands digit of ((z - -9) + -12)/((-4)/1238)?
1
Suppose 4040 = 14*w - 6*w. Suppose 4*t + 5*s = 1968, t + 4*s = 6*s + w. What is the tens digit of t?
9
Suppose -4*c + 2541 = -2707. Suppose -2*y - 4*l = -2424, -c = -5*y - 3*l + 4748. What is the thousands digit of y?
1
Suppose 9*q - 4*c - 46 = 7*q, -5*q + 155 = -2*c. Suppose 25*b - q*b + 10928 = 0. What is the units digit of b?
6
Suppose -5*u + 56*j + 68935 = 61*j, 0 = 3*u - j - 41389. What is the hundreds digit of u?
7
Let z(u) = 83*u - 32 - 14*u + 44*u. Let h be z(4). Suppose 155*y - h = 152*y. What is the hundreds digit of y?
1
Let n(a) be the third derivative of -33*a**4/8 + 5*a**3/6 - 5943*a**2. Let h(x) = -3*x**2 + 2*x - 1. Let o be h(1). What is the units digit of n(o)?
3
Let b = 50 + -48. Suppose -1886 = -5*i - o, -o - 764 = -b*i + o. Suppose 102 - i = -2*k. What is the hundreds digit of k?
1
Let d = 26 - 8. Let f = -151 + 266. Suppose 0 = 17*y - d*y + f. What is the hundreds digit of y?
1
What is the tens digit of 25967 + -1 - (38/38)/(2/10)?
6
Let t(q) = 6*q**3 - 4*q**2 - 8*q + 7. Let s(l) = 6*l**3 - 4*l**2 - 7*l + 7. Suppose 2*x = 3 - 7. Let b(r) = x*t(r) + 3*s(r). What is the units digit of b(4)?
7
Let o = -9239 + 14729. What is the tens digit of o?
9
Let h(o) = o. Let p(r) = 3*r + 14. Let i(s) = 4*h(s) - p(s). Let j be i(16). Suppose v = 2*c + 40, -47 = -4*v + j*c + 113. What is the tens digit of v?
4
What is the hundreds digit of (75192/(-572))/((-6)/198)?
3
Let k(y) = -10*y**3 - y**2 + 16*y + 13. Let c be k(-7). Suppose -c = -12*q - 438. What is the units digit of q?
7
Suppose 2*p + 2*l = -64, -2*l + 116 = -6*p + 2*p. Let z be 12/p*-2 - (-968)/(-10). Let u = 143 + z. What is the tens digit of u?
4
Let g = 20844 - 10631. What is the ten thousands digit of g?
1
Let v be 65/104 - (-1035)/72. Let u(n) = 39*n - 2. Let f be u(-3). Let c = v - f. What is the tens digit of c?
3
Suppose 2*n = -4*c + 19248, 60*n = 58*n + 4*c + 19288. What is the units digit of n?
4
What is the ten thousands digit of (125 + -126)*5113*-2?
1
What is the thousands digit of 802*(15/(-6) - -4)*56 - 3?
7
Let k = -50 + 76. Let q = k - 21. Suppose -q*w + 204 = w. What is the tens digit of w?
3
Let n = 8765 + -4818. What is the units digit of n?
7
Let q(p) = -1286*p + 14125. What is the thousands digit of q(-6)?
1
Suppose -5*w + 43433 = 3*x, 2*x - 11*w - 57840 = -2*x. What is the tens digit of x?
7
Let b = -47 + 50. Suppose q - b + 1 = 0, -3*n + 480 = -3*q. What is the tens digit of n?
6
Let g be (-12)/((-13)/((-26)/(-4))). What is the tens digit of 24/(-8)*2/g + 831?
3
Suppose -52*r - 306423 = -33*r - 58*r. What is the units digit of r?
7
Let j = 487 + 1798. Let b = j + -1557. What is the hundreds digit of b?
7
Let w = -264 + 454. Let d(p) = -p**3 + 13*p**2 + 5*p + 128. Let a be d(14). Suppose -2*j = -2*x + w, -a*j = -7*x + 4*x + 284. What is the units digit of x?
4
Suppose -4*n - 3*b + 107721 = 32303, n + 4*b - 18861 = 0. What is the units digit of n?
3
Let q = -97 + 102. Suppose 831 - 298 = k + 4*u, 0 = -q*u + 20. What is the hundreds digit of k?
5
Suppose 1707 = -8*n + 3426 + 14233. What is the units digit of n?
4
Suppose -4*g - 360 = -9*g. Let v = 78 - g. Suppose -42 = -3*z + 3*k + v, -2*k = 6. What is the tens digit of z?
1
Let w = 454 - 456. What is the units digit of 345 + (w/(-9) - (-325)/117)?
8
Let t = 68 + -36. Suppose -4*l = 3*x - 34 - 0, -l + 13 = x. What is the units digit of 156/x + (2 - t/12)?
8
Let w(l) be the second derivative of 357*l**5/20 + l**4/12 + l**3/3 - 3*l**2/2 - 32*l + 2. What is the units digit of w(1)?
7
Let u(j) = 207*j**2 - 31*j + 354. What is the tens digit of u(12)?
9
Let f = -719 + 725. Let o be 1 - (-8 - (4 - 2)). Suppose f*y + 325 = o*y. What is the units digit of y?
5
Suppose -48 = -5*b + 22. Suppose 0 = 5*h - 4*d - 18, 7*h - 4*h - b = 4*d. Suppose o - 394 = -0*f - 4*f, 0 = 2*f + h*o - 200. What is the t